). Let l = 22 + r. Calculate the greatest common factor of l and 24.
8
Suppose -2*p + 4*g = -6*p + 16, -5*g - 60 = -5*p. Calculate the highest common factor of p and 8.
8
Let v(p) = -p**2 - 9*p + 11*p + 7 - 1. Let n be v(3). Let z(g) = 34*g**2 - g. Let h be z(1). What is the highest common factor of n and h?
3
Suppose 0*b - 88 = -2*b. Let n be ((-11)/2)/((-2)/b). What is the greatest common divisor of n and 11?
11
Suppose h + 13 = f, -8*h + 5*h - 48 = -4*f. Calculate the greatest common divisor of f and 99.
9
Let n = 73 - -39. Let t(k) = 13*k**3 + 2*k**2 - 1. Let o be t(1). What is the highest common divisor of n and o?
14
Suppose -4*j + 55 + 1 = 0. Let t be ((-8)/5)/(2/(-5)). Suppose 0 = 4*w + t - 32. What is the greatest common divisor of w and j?
7
Let q be (-6)/14 - 132/(-14). Let a be 403/5 - (-4)/10. Calculate the highest common divisor of q and a.
9
Let x be 58/7 + (-14)/49. Suppose 5*u - 66 = 3*m + x, 4*m = 5*u - 77. What is the greatest common divisor of u and 117?
13
Let b(w) = -w + 12. Let i be b(10). Suppose -f - i*c = -25, 14 = -4*f - 4*c + 126. What is the greatest common factor of 62 and f?
31
Let d(b) = b**2 - 6*b + 3. Let k be d(6). Suppose w + 84 = k*w. Calculate the highest common divisor of 14 and w.
14
Let y(f) = -f**3 - 8*f**2 - 9*f - 8. Let o be y(-7). Let w be -2 - -4*o/4. Calculate the greatest common factor of 44 and w.
4
Suppose 0 = 3*r + 4*x - 38, -4*r - x - 4*x = -52. Let a = 10 - 7. Calculate the highest common divisor of a and r.
3
Suppose -4*s - 10 = -3*p, s - 3*p + 2*p + 2 = 0. Let w = 9 + s. Calculate the greatest common divisor of w and 5.
5
Let t = 6 + 5. Calculate the highest common factor of t and 11.
11
Suppose -4*u - 4*h + 116 = h, 3*h = -u + 36. What is the greatest common divisor of u and 60?
12
Suppose -2*r = 3*r - 430. Suppose -8 = 4*p + 2*d - 66, 0 = -5*p + 2*d + r. Calculate the greatest common factor of p and 8.
8
Suppose -2*r = 3*r + 20. Let u be r*1/2*1. Let x be (u + 13)/1 - 0. What is the greatest common divisor of 121 and x?
11
Let y be ((-50)/15)/((-2)/3). Suppose -4*j + 2*n + 19 = -9, y*j - 5*n = 45. What is the greatest common divisor of 2 and j?
1
Suppose -289*z = -290*z + 150. What is the highest common factor of 30 and z?
30
Let n(i) = -2*i - 10. Let l be n(-9). Let d be (-842)/(-12) + l/(-48). Calculate the greatest common factor of 14 and d.
14
Suppose -4*h = 5*m - 23, 3*m + 29 = 5*m - 5*h. Calculate the greatest common factor of 14 and m.
7
Let z be (36 - -2)/(-1) - 0. Let d = 2 - z. Let r = 21 + -5. What is the greatest common divisor of r and d?
8
Suppose 2*x = -2*x. Suppose 75 = 5*r - x*r. Calculate the highest common factor of r and 90.
15
Let z(v) = v + 2. Let f be z(13). Let x = -44 + 74. Calculate the greatest common divisor of f and x.
15
Suppose 4*b = 2*b + 144. What is the greatest common divisor of 18 and b?
18
Let x = 0 - -9. Calculate the highest common factor of 45 and x.
9
Let c = -55 + 153. Suppose -2*w - 3*q + 114 + c = 0, 5*w = 2*q + 568. Calculate the highest common divisor of w and 14.
14
Let y be 299/6 + 9/54. What is the highest common factor of y and 20?
10
Let w = 297 + -171. Calculate the highest common divisor of w and 14.
14
Let i be (1*(2 + -6))/((-2)/7). Let d(y) = 2*y**2 + 3*y + 5. Let j be d(5). What is the greatest common divisor of j and i?
14
Let x = -34 + 58. Calculate the greatest common divisor of 60 and x.
12
Let m = -77 + 260. Calculate the greatest common factor of m and 122.
61
Let a be (-6 - -9)*(-2)/(-6). Suppose -r + 41 - a = 0. Calculate the highest common factor of r and 8.
8
Suppose 0 = -4*b, 5*b - 340 = -5*i + b. Suppose 15*f - 298 = -43. What is the greatest common factor of i and f?
17
Let j be (-10)/4*(-8 - -2). Let h(t) = -t**2 + 4*t. Let o be h(3). Let k be o*(j/3 + 0). What is the greatest common divisor of k and 60?
15
Let h(r) = -r - 1. Let f be h(1). Let v(n) = 5*n**2 + n - 2. Let o be v(f). Let i be -3*-1*2*8. What is the greatest common divisor of i and o?
16
Let l = -50 + 101. What is the highest common factor of 68 and l?
17
Let g(f) = -f + 48. Suppose -2 - 4 = 3*u. Let l be 1 + u - (2 - 3). Let x be g(l). What is the highest common factor of 12 and x?
12
Suppose y = -2*y - 3. Let z(g) = -1 + 2 + 2*g + 2*g**2 - 6*g**3 - g**3. Let u be z(y). Calculate the greatest common divisor of 88 and u.
8
Suppose 4*q - 35 = 5. Let c = q - -6. Calculate the highest common factor of 8 and c.
8
Suppose -40 = l - 6*l. What is the greatest common factor of l and 8?
8
Let w(o) = -o**3 + 2*o - 2. Let g be w(-3). Suppose -2*f + 3 + 1 = 0. Suppose f*p = -3*p + 190. Calculate the highest common divisor of g and p.
19
Let f = -14 + 32. Let d(b) = 2*b**2 - 2*b - 6. Let h be d(6). What is the highest common factor of h and f?
18
Let k = 90 - 77. What is the greatest common divisor of k and 117?
13
Suppose -3*v = -9, 3*v - 3 - 7 = b. Let l be b/(-4) - (-262)/8. What is the greatest common divisor of l and 11?
11
Let x = 7 + -4. Let j be -3*1*x/(-3). Let s be (18/3)/(2/7). What is the highest common divisor of j and s?
3
Let x(f) = -f - 68. Let j be x(0). Let y = j - -140. What is the greatest common factor of 9 and y?
9
Let o(d) = -d - 8. Let i be o(-11). Calculate the highest common divisor of i and 21.
3
Suppose -9 = -a + c + 37, 0 = 5*a + 2*c - 244. Suppose 3*m = m + a. What is the greatest common divisor of 264 and m?
24
Suppose -5*m + 2*b + 206 = -2*b, -2*m - b + 85 = 0. Let p = m + -26. Suppose 92 = 4*y + 4*k, 2*k + 2 = -0*k. Calculate the highest common divisor of p and y.
8
Let w(c) = -5*c - 12. Let v be w(-4). What is the greatest common divisor of v and 72?
8
Let j(s) = 3*s + 1. Let z be (-5 - -1)*(-2)/4. Let n be j(z). Calculate the greatest common factor of 77 and n.
7
Let q = 66 + 4. Calculate the greatest common divisor of 10 and q.
10
Let h(c) = -c**3 - 20*c**2 - 19*c + 5. Let n be h(-20). Calculate the highest common factor of 35 and n.
35
Let u be 1/(-3)*(-53 - -2). Calculate the greatest common factor of 85 and u.
17
Let h(x) = 2*x**2 - 8*x + 6. Let p be h(-7). Calculate the highest common factor of 64 and p.
32
Let m be -3 + 60/4 - 0. Let w(g) = -g**3 - 8*g**2 - 4*g + 3. Let s be w(-7). Let n be ((-8)/6)/(1/s). What is the highest common divisor of m and n?
12
Let q be (-4)/8*7*-6. What is the highest common divisor of 63 and q?
21
Let l = 221 - 117. Let w(p) be the second derivative of p**4/12 - 5*p**3/3 + 13*p**2/2 + 4*p. Let b be w(10). Calculate the highest common divisor of b and l.
13
Let g(z) = -z**2 - 14*z + 15. Let h be g(-13). Calculate the highest common factor of 42 and h.
14
Suppose -h = -2*h + 5. Suppose -h*n + 9 = -3*i + 2*i, 9 = 3*i + 3*n. Calculate the highest common factor of 8 and i.
1
Let w(a) = 15*a**2 - a + 1. Let s be w(1). Calculate the highest common divisor of s and 5.
5
Suppose 5*a - a = 0. Let j(k) = -k - 10. Let s be j(a). Let x be ((-72)/s)/(2/30). What is the greatest common divisor of 12 and x?
12
Suppose b - 5*b = 120. Let o = 46 + b. Calculate the highest common divisor of 16 and o.
16
Suppose 118 = 4*k - 162. What is the greatest common factor of k and 28?
14
Let q(g) = 3*g - 3 - 11*g**2 + 2*g**3 - 6*g**3 + 3*g**2 + 5*g**3. Let j be q(8). Calculate the greatest common divisor of j and 3.
3
Suppose 0 = -2*a + 5*f + 73, -a + 3*f + 11 + 26 = 0. Let m be (a/4)/(1/2). Let p(h) = -5*h + 4. Let y be p(-6). What is the greatest common divisor of y and m?
17
Let c be (88/(-55))/((-2)/25). Calculate the greatest common divisor of c and 50.
10
Let a(r) = 4*r**3 - 4*r + 4. Let w be a(2). What is the greatest common divisor of w and 7?
7
Let p = -7 + 11. Suppose 3*w - 28 + 6 = -p*y, 2*w + 2*y - 12 = 0. Let d be (7/14)/(w/96). What is the highest common factor of d and 3?
3
Let n(i) = i**2 + 4*i - 5. Let y be n(-5). Suppose -5*x + 6*c - 3*c + 74 = y, -x = 2*c - 7. Let a = 191 + -48. What is the greatest common divisor of x and a?
13
Suppose -4*z - x - 4*x = 2, 5*z + 4*x - 2 = 0. Calculate the greatest common factor of 18 and z.
2
Let y be (-1)/3*(-1 + -11). Suppose -y = -2*m - 0. Suppose m*r - 8 - 8 = 0. Calculate the highest common factor of r and 48.
8
Let w = -7 + 9. Suppose -2*b - w*z = -7*b + 428, 0 = 2*b + z - 164. What is the greatest common divisor of b and 12?
12
Let f be (7 - -1)/2 - -5. Calculat